 Let s = 2 + h. Calculate the greatest common divisor of 77 and s.
7
Let t = 96 - 60. Suppose -5*p + p = -t. What is the greatest common divisor of p and 63?
9
Let s(t) = 16*t - 4. Let y be s(3). Suppose 330 = 6*v - v. What is the highest common factor of v and y?
22
Suppose 0 = 11*v - 6 - 148. Let w be (-7)/((1/(-22))/1). What is the highest common divisor of v and w?
14
Suppose 0 = -2*l + 5*q + 30, 0 = -2*l + q + 20 + 10. What is the greatest common factor of 75 and l?
15
Let f(y) = -8*y**2 + 4*y + 3. Let z be f(-4). Let p = -86 - z. Calculate the greatest common factor of 22 and p.
11
Suppose -328 = -2*v + v. Calculate the greatest common divisor of 41 and v.
41
Let o(j) = 2*j**2 + 2*j - 1. Let m be o(-3). Let u = 199 + -112. Let k = u - 43. What is the greatest common factor of k and m?
11
Suppose b = -0*b + 4. Let f(u) = 39*u. Let z be f(b). Suppose -48 + z = 3*d. What is the greatest common factor of 54 and d?
18
Let f = 661 - 287. What is the greatest common factor of f and 22?
22
Let u(z) = 2*z**2 - 3*z + 7. Let g = 5 + -10. Let n be u(g). Calculate the highest common divisor of n and 12.
12
Let i = 2 + 1. Let x be (-143)/(-4)*(i - -1). Calculate the highest common factor of 13 and x.
13
Let m(u) = u**3 + 5*u**2 - 4*u. Let p be m(3). Let f = -46 - -86. Calculate the greatest common divisor of p and f.
20
Suppose 0 = -4*k - 1 - 19, 2*p + 12 = -4*k. Let f be 212/6 - (-2)/3. Calculate the highest common divisor of f and p.
4
Let p(b) = -b**3 + 8*b**2 + 2*b + 3. Let d be p(8). What is the greatest common divisor of d and 133?
19
Let w(z) = z**3 + 5*z**2 + 3*z + 6. Let a be w(-4). Calculate the highest common factor of a and 70.
10
Suppose -65 + 360 = -5*h. Let r = -26 - h. Calculate the greatest common divisor of r and 3.
3
Let p(q) = -74*q + 3. Let o be p(5). Let s = -227 - o. Suppose 0*d = 5*d - s. What is the highest common factor of d and 14?
14
Suppose -5*z = -72 + 17. Let s = -3 + z. Calculate the highest common divisor of s and 24.
8
Let b = -3 - -23. Let i = 48 - b. Suppose 2*v = 2*s - 2*v - i, 0 = v + 5. What is the highest common factor of s and 2?
2
Suppose 19*m - 23*m = -40. What is the greatest common divisor of m and 90?
10
Let d be 4 + -2*292/(-8). What is the highest common factor of d and 11?
11
Let z = 15 + -12. What is the greatest common divisor of z and 9?
3
Let x be 1 - 4 - 2*-8. Let g = x + -8. Suppose 4*a = -12, -5*a - 166 = -4*h - 3*a. What is the greatest common divisor of h and g?
5
Suppose 4*c = 2*c + 3*h + 32, -2*c - h = -48. Calculate the highest common divisor of c and 55.
11
Let y = 145 + -45. What is the highest common factor of y and 25?
25
Let k = 44 - 17. Suppose 4*y - 20 = u - 7, 5*u + y - 19 = 0. Calculate the highest common divisor of u and k.
3
Let n(z) = -z**2 - 13*z - 15. Let v be n(-10). Let u be (-30)/(-4)*24/v. What is the highest common divisor of u and 30?
6
Let l(q) = 2*q - 4. Let d be l(-4). Let v = 20 + d. Suppose 15 = 3*z, -24 = -4*u + 2*z + 46. Calculate the greatest common factor of v and u.
4
Suppose -5*l + 702 = -q - q, 144 = l - 4*q. Suppose 2*w = w - 3*b + 2, 3*w - 22 = -5*b. What is the greatest common factor of l and w?
14
Let b be -1*11/(22/(-4)). Calculate the highest common divisor of b and 5.
1
Let i = 41 - -4. Let c be (6/(-4))/((-1)/20). Calculate the highest common divisor of i and c.
15
Suppose -3*c = 5*g - 54, -4*c - g - 4*g = -67. What is the highest common factor of c and 13?
13
Let m = -5 + 3. Let c = -1 - m. Let u be ((-56)/(-10))/(c/5). What is the greatest common factor of u and 7?
7
Let t(m) = -4*m + 11*m - 5 - 3 - 3*m. Let a be t(4). Calculate the highest common factor of 72 and a.
8
Suppose 52 = -4*o - 8. Let k be -2 + 1 + (-4 - o). What is the highest common factor of k and 40?
10
Let g(u) = 3*u - 4. Let r be g(5). Let f = -10 + 21. Calculate the greatest common factor of r and f.
11
Suppose -2 = 2*c + 4, 3*c = 2*s - 329. Suppose -2*n - j - 84 = 0, 7*n - 3*n - j = -174. Let k = n - -63. Calculate the greatest common divisor of k and s.
20
Let f = -138 - -266. Calculate the greatest common divisor of 16 and f.
16
Let g = 8 + -6. Let h = g + 4. Suppose -4*v + 40 = 4. Calculate the highest common divisor of v and h.
3
Let j(g) = -22*g - 77. Let b be j(-5). What is the highest common factor of b and 88?
11
Let k(a) = a + 7. Let g be k(17). What is the greatest common factor of 36 and g?
12
Suppose 0*f = 2*f - 32. Let x be (24*4)/(33/44). Calculate the greatest common factor of x and f.
16
Let n(r) = -r**2 + 24*r - 50. Let y be n(20). Calculate the highest common factor of y and 24.
6
Let h = -74 + 80. What is the highest common divisor of h and 42?
6
Let o(r) = r**2 - 9*r + 9. Let h be o(8). What is the greatest common divisor of h and 1?
1
Let x be -2 - 0/1 - 2. Let h = x + 7. Calculate the greatest common divisor of h and 1.
1
Let m = 43 - 16. Suppose 0 = -4*s - a + 17, 3*s - 7 = 2*s - 3*a. Suppose 4 = -3*p + s*v + 35, -4*p + 33 = 3*v. What is the highest common factor of p and m?
9
Suppose 0 = 4*p + 54 - 2. Let j = 0 - p. What is the greatest common factor of 143 and j?
13
Let c = -1684 + 410. Let k be (-6 - 0)*c/42. What is the highest common factor of 26 and k?
26
Let x be (-1)/(-3) + (-22)/(-6). Let b = 41 - 31. Suppose -5*z + 20 = -b. What is the greatest common factor of z and x?
2
Let o be 144 + (1 - 0 - 1). Let w(f) = -f - 9 + 32 - 11. Let l be w(-6). Calculate the greatest common factor of o and l.
18
Let h be 76/6*3/1. Let n be (0 + 3/6)*-32. Let m be ((-20)/n)/((-1)/(-76)). What is the highest common factor of m and h?
19
Let q(a) = 2*a**2 - 2*a - 2. Let s be q(-1). What is the highest common divisor of 1 and s?
1
Suppose -21 = 2*w - 79. Let n be (w - 0)*(-1 + 2). Suppose 16 = 5*a - n. What is the greatest common factor of 99 and a?
9
Suppose -5*r - 2*m = -200 - 0, 80 = 2*r + 4*m. Suppose -r = f - 5*f. What is the highest common divisor of 25 and f?
5
Let l = 13 - 3. Let w be 5*4/l*2. What is the highest common factor of w and 20?
4
Suppose 4*p - 60 = p. Suppose -5*d + 0*d = -p. What is the greatest common divisor of d and 2?
2
Suppose 5*a + 32 = c - 115, 5*a - 15 = 0. Let u be (0 + 9/(-6))*-12. Calculate the highest common divisor of c and u.
18
Let f be (-2)/3*3/(-1). Let x be (3 - f)/(2/12). Let b(d) = d**2 + d + 4. Let z be b(-5). What is the greatest common divisor of x and z?
6
Let t = 50 - 2. Calculate the highest common factor of t and 80.
16
Suppose 2*q + 2*w - 12 = 30, w - 4 = 0. Calculate the greatest common factor of 34 and q.
17
Suppose w - 16 = -4*t, 5*w + 0*w - 2*t - 80 = 0. Let o = w - 6. Calculate the highest common divisor of 20 and o.
10
Let h be 34/6 + 4/(-6). Let n(c) = -28*c**2 + 20*c**2 - 2 - 2 - 3*c + 9*c**2. Let k be n(h). Calculate the greatest common factor of 12 and k.
6
Let s be (-3)/((-60)/28 + 3 - 1). What is the greatest common divisor of 35 and s?
7
Let r be -1 + 1 + 1 + -19. Let d be (-2)/9 - 382/r. Calculate the highest common factor of 3 and d.
3
Suppose -2*k + 88 = 2*y, -5*k = -3*y + 5*y - 85. What is the highest common divisor of 30 and y?
15
Suppose -2*a + 17 = -93. What is the greatest common divisor of 5 and a?
5
Suppose -o - 2*m + 54 = 4*o, 18 = 2*o - m. Calculate the greatest common factor of o and 80.
10
Let l(x) = 6*x**2. Let j be l(1). What is the highest common divisor of 42 and j?
6
Let w = -2 - -9. Let v = 16 - w. Calculate the greatest common divisor of 63 and v.
9
Let q(g) = 2*g + 2. Let s be (-54)/(-12) - 1/2. Suppose -m = o - 3, -s*m = -2*o - 1 - 11. Let w be q(m). Calculate the highest common factor of w and 4.
4
Suppose -7 + 3 = 2*k. Let g be (1/(-2))/(k/132). Suppose -2*p - 2*y = -44, -p = 2*y - 0*y - 22. What is the greatest common divisor of g and p?
11
Let m be (-6)/(-12) - 1/(-2). Let n be 10 - 0*m/(-3). What is the greatest common factor of n and 90?
10
Let d(f) = -2*f**3 - 23*f**2 + 9*f - 25. Let y be d(-12). Calculate the highest common divisor of 121 and y.
11
Let f be (-8)/(-28) + 204/21. What is the greatest common divisor of 4 and f?
2
Let m be 158/6 + 4/6. Let j(c) = -c**2 - 6*c + 16. Let k be j(-7). What is the highest common factor of k and m?
9
Suppose -3*z = -6*n + 3*n + 42, -42 = 4*z + 3*n. Let l = -11 - z. What is the greatest common divisor of 2 and l?
1
Let a = 294 + -286. L